{"id":6116,"date":"2025-10-18T14:14:16","date_gmt":"2025-10-18T12:14:16","guid":{"rendered":"https:\/\/alicjawegorzewska.com\/?page_id=6116"},"modified":"2025-10-18T18:05:35","modified_gmt":"2025-10-18T16:05:35","slug":"gawalt-na-lukrecji","status":"publish","type":"page","link":"https:\/\/alicjawegorzewska.com\/index.php\/gawalt-na-lukrecji\/","title":{"rendered":"Gawa\u0142t na Lukrecji"},"content":{"rendered":"<p style=\"text-align: justify;\" data-start=\"49\" data-end=\"486\">Lukrecja w operze Benjamina Brittena <em data-start=\"86\" data-end=\"107\">\u201eGwa\u0142t na Lukrecji\u201d<\/em> to jedna z najbardziej przejmuj\u0105cych r\u00f3l, jakie dane mi by\u0142o kreowa\u0107. To posta\u0107 symboliczna \u2013 kobieta czysta, silna i tragiczna zarazem, kt\u00f3rej historia \u0142\u0105czy w sobie dramat jednostki i los ca\u0142ego spo\u0142ecze\u0144stwa. Gwa\u0142t, kt\u00f3rego ofiar\u0105 pada, a nast\u0119pnie jej samob\u00f3jstwo, staj\u0105 si\u0119 nie tylko osobistym dramatem, lecz tak\u017ce aktem politycznym \u2013 pocz\u0105tkiem buntu i przemiany \u015bwiata.<\/p>\n<p style=\"text-align: justify;\" data-start=\"488\" data-end=\"863\">T\u0119 rol\u0119 wykonywa\u0142am w dw\u00f3ch zupe\u0142nie r\u00f3\u017cnych inscenizacjach. W <strong data-start=\"551\" data-end=\"573\">Operze Krakowskiej<\/strong> by\u0142a to <strong data-start=\"582\" data-end=\"618\">klasyczna, ascetyczna realizacja<\/strong>, skupiona na wewn\u0119trznej tragedii i duchowym wymiarze postaci. Natomiast w <strong data-start=\"694\" data-end=\"725\">Operze Ba\u0142tyckiej w Gda\u0144sku<\/strong> powsta\u0142a <strong data-start=\"735\" data-end=\"763\">nowoczesna interpretacja<\/strong> \u2013 odwa\u017cna, z nowym spojrzeniem na relacje m\u0119sko\u015bci i kobieco\u015bci, na mechanizmy przemocy i w\u0142adzy.<\/p>\n<p style=\"text-align: justify;\" data-start=\"865\" data-end=\"1179\">Wersj\u0119 gda\u0144sk\u0105 \u015bpiewa\u0142am r\u00f3wnie\u017c <strong data-start=\"898\" data-end=\"927\">na W\u0119grzech, na festiwalu<\/strong>, gdzie spektakl zosta\u0142 <strong data-start=\"951\" data-end=\"1007\">zarejestrowany i transmitowany przez telewizj\u0119 Mezzo<\/strong>. To do\u015bwiadczenie by\u0142o dla mnie wyj\u0105tkowe \u2013 mo\u017cliwo\u015b\u0107 ukazania tej niezwykle intymnej, bolesnej historii na mi\u0119dzynarodowej scenie by\u0142a ogromnym prze\u017cyciem artystycznym.<\/p>\n<p style=\"text-align: justify;\" data-start=\"1181\" data-end=\"1496\" data-is-last-node=\"\" data-is-only-node=\"\">Rola Lukrecji sta\u0142a si\u0119 dla mnie tak\u017ce inspiracj\u0105 naukow\u0105 \u2013 <strong data-start=\"1241\" data-end=\"1287\">na jej podstawie napisa\u0142am prac\u0119 doktorsk\u0105<\/strong>, po\u015bwi\u0119con\u0105 symbolice postaci i przemianie znaczenia kobieco\u015bci w dziele Brittena. To rola, kt\u00f3ra \u0142\u0105czy teatr, muzyk\u0119 i psychologi\u0119, prowadz\u0105c artystk\u0119 w g\u0142\u0105b emocji, z kt\u00f3rych ju\u017c nie wychodzi si\u0119 taka sama.<\/p>\n<p data-start=\"1181\" data-end=\"1496\" data-is-last-node=\"\" data-is-only-node=\"\">Alicja W\u0119gorzewska<\/p>\n<p><a href=\"https:\/\/alicjawegorzewska.com\/index.php\/gwalt-na-lukrecji-krakow\/\" target=\"_blank\" rel=\"noopener\"><img fetchpriority=\"high\" decoding=\"async\" class=\"alignnone size-full wp-image-5951\" src=\"https:\/\/alicjawegorzewska.com\/wp-content\/uploads\/2025\/09\/8.png\" alt=\"\" width=\"820\" height=\"462\" srcset=\"https:\/\/alicjawegorzewska.com\/wp-content\/uploads\/2025\/09\/8.png 820w, https:\/\/alicjawegorzewska.com\/wp-content\/uploads\/2025\/09\/8-300x169.png 300w, https:\/\/alicjawegorzewska.com\/wp-content\/uploads\/2025\/09\/8-768x433.png 768w, https:\/\/alicjawegorzewska.com\/wp-content\/uploads\/2025\/09\/8-600x338.png 600w\" sizes=\"(max-width: 820px) 100vw, 820px\" \/><\/a><\/p>\n<p><a href=\"https:\/\/alicjawegorzewska.com\/index.php\/gwalt-na-lukrecji-gdansk\/\" target=\"_blank\" rel=\"noopener\"><img decoding=\"async\" class=\"alignnone size-full wp-image-5952\" src=\"https:\/\/alicjawegorzewska.com\/wp-content\/uploads\/2025\/09\/9.png\" alt=\"\" width=\"820\" height=\"462\" srcset=\"https:\/\/alicjawegorzewska.com\/wp-content\/uploads\/2025\/09\/9.png 820w, https:\/\/alicjawegorzewska.com\/wp-content\/uploads\/2025\/09\/9-300x169.png 300w, https:\/\/alicjawegorzewska.com\/wp-content\/uploads\/2025\/09\/9-768x433.png 768w, https:\/\/alicjawegorzewska.com\/wp-content\/uploads\/2025\/09\/9-600x338.png 600w\" sizes=\"(max-width: 820px) 100vw, 820px\" \/><\/a>&nbsp;<\/p>\n","protected":false},"excerpt":{"rendered":"<p>Lukrecja w operze Benjamina Brittena \u201eGwa\u0142t na Lukrecji\u201d to jedna z najbardziej przejmuj\u0105cych r\u00f3l, jakie dane mi by\u0142o kreowa\u0107. To posta\u0107 symboliczna \u2013 kobieta czysta,&hellip; <\/p>\n","protected":false},"author":3,"featured_media":0,"parent":0,"menu_order":0,"comment_status":"closed","ping_status":"closed","template":"","meta":{"ngg_post_thumbnail":0,"footnotes":""},"class_list":["post-6116","page","type-page","status-publish","hentry"],"yoast_head":"<!-- This site is optimized with the Yoast SEO plugin v25.9 - https:\/\/yoast.com\/wordpress\/plugins\/seo\/ -->\n<title>Gawa\u0142t na Lukrecji - Alicja W\u0119gorzewska<\/title>\n<meta name=\"robots\" content=\"index, follow, max-snippet:-1, max-image-preview:large, max-video-preview:-1\" \/>\n<link rel=\"canonical\" href=\"https:\/\/alicjawegorzewska.com\/index.php\/gawalt-na-lukrecji\/\" \/>\n<meta property=\"og:locale\" content=\"pl_PL\" \/>\n<meta property=\"og:type\" content=\"article\" \/>\n<meta property=\"og:title\" content=\"Gawa\u0142t na Lukrecji - Alicja W\u0119gorzewska\" \/>\n<meta property=\"og:description\" content=\"Lukrecja w operze Benjamina Brittena \u201eGwa\u0142t na Lukrecji\u201d to jedna z najbardziej przejmuj\u0105cych r\u00f3l, jakie dane mi by\u0142o kreowa\u0107. To posta\u0107 symboliczna \u2013 kobieta czysta,&hellip;\" \/>\n<meta property=\"og:url\" content=\"https:\/\/alicjawegorzewska.com\/index.php\/gawalt-na-lukrecji\/\" \/>\n<meta property=\"og:site_name\" content=\"Alicja W\u0119gorzewska\" \/>\n<meta property=\"article:modified_time\" content=\"2025-10-18T16:05:35+00:00\" \/>\n<meta property=\"og:image\" content=\"https:\/\/alicjawegorzewska.com\/wp-content\/uploads\/2025\/09\/8.png\" \/>\n<meta name=\"twitter:card\" content=\"summary_large_image\" \/>\n<meta name=\"twitter:label1\" content=\"Szacowany czas czytania\" \/>\n\t<meta name=\"twitter:data1\" content=\"2 minuty\" \/>\n<script type=\"application\/ld+json\" class=\"yoast-schema-graph\">{\"@context\":\"https:\/\/schema.org\",\"@graph\":[{\"@type\":\"WebPage\",\"@id\":\"https:\/\/alicjawegorzewska.com\/index.php\/gawalt-na-lukrecji\/\",\"url\":\"https:\/\/alicjawegorzewska.com\/index.php\/gawalt-na-lukrecji\/\",\"name\":\"Gawa\u0142t na Lukrecji - Alicja W\u0119gorzewska\",\"isPartOf\":{\"@id\":\"https:\/\/alicjawegorzewska.com\/#website\"},\"primaryImageOfPage\":{\"@id\":\"https:\/\/alicjawegorzewska.com\/index.php\/gawalt-na-lukrecji\/#primaryimage\"},\"image\":{\"@id\":\"https:\/\/alicjawegorzewska.com\/index.php\/gawalt-na-lukrecji\/#primaryimage\"},\"thumbnailUrl\":\"https:\/\/alicjawegorzewska.com\/wp-content\/uploads\/2025\/09\/8.png\",\"datePublished\":\"2025-10-18T12:14:16+00:00\",\"dateModified\":\"2025-10-18T16:05:35+00:00\",\"breadcrumb\":{\"@id\":\"https:\/\/alicjawegorzewska.com\/index.php\/gawalt-na-lukrecji\/#breadcrumb\"},\"inLanguage\":\"pl-PL\",\"potentialAction\":[{\"@type\":\"ReadAction\",\"target\":[\"https:\/\/alicjawegorzewska.com\/index.php\/gawalt-na-lukrecji\/\"]}]},{\"@type\":\"ImageObject\",\"inLanguage\":\"pl-PL\",\"@id\":\"https:\/\/alicjawegorzewska.com\/index.php\/gawalt-na-lukrecji\/#primaryimage\",\"url\":\"https:\/\/alicjawegorzewska.com\/wp-content\/uploads\/2025\/09\/8.png\",\"contentUrl\":\"https:\/\/alicjawegorzewska.com\/wp-content\/uploads\/2025\/09\/8.png\",\"width\":820,\"height\":462},{\"@type\":\"BreadcrumbList\",\"@id\":\"https:\/\/alicjawegorzewska.com\/index.php\/gawalt-na-lukrecji\/#breadcrumb\",\"itemListElement\":[{\"@type\":\"ListItem\",\"position\":1,\"name\":\"Strona g\u0142\u00f3wna\",\"item\":\"https:\/\/alicjawegorzewska.com\/\"},{\"@type\":\"ListItem\",\"position\":2,\"name\":\"Gawa\u0142t na Lukrecji\"}]},{\"@type\":\"WebSite\",\"@id\":\"https:\/\/alicjawegorzewska.com\/#website\",\"url\":\"https:\/\/alicjawegorzewska.com\/\",\"name\":\"Alicja W\u0119gorzewska\",\"description\":\"Strona oficjalna\",\"publisher\":{\"@id\":\"https:\/\/alicjawegorzewska.com\/#\/schema\/person\/7468c1c1d69a9b6e8db3fe1964cd9dcb\"},\"potentialAction\":[{\"@type\":\"SearchAction\",\"target\":{\"@type\":\"EntryPoint\",\"urlTemplate\":\"https:\/\/alicjawegorzewska.com\/?s={search_term_string}\"},\"query-input\":{\"@type\":\"PropertyValueSpecification\",\"valueRequired\":true,\"valueName\":\"search_term_string\"}}],\"inLanguage\":\"pl-PL\"},{\"@type\":[\"Person\",\"Organization\"],\"@id\":\"https:\/\/alicjawegorzewska.com\/#\/schema\/person\/7468c1c1d69a9b6e8db3fe1964cd9dcb\",\"name\":\"Alicja W\u0119gorzewska-Whiskerd\",\"image\":{\"@type\":\"ImageObject\",\"inLanguage\":\"pl-PL\",\"@id\":\"https:\/\/alicjawegorzewska.com\/#\/schema\/person\/image\/\",\"url\":\"https:\/\/alicjawegorzewska.com\/wp-content\/uploads\/2019\/10\/AW-2.png\",\"contentUrl\":\"https:\/\/alicjawegorzewska.com\/wp-content\/uploads\/2019\/10\/AW-2.png\",\"width\":500,\"height\":500,\"caption\":\"Alicja W\u0119gorzewska-Whiskerd\"},\"logo\":{\"@id\":\"https:\/\/alicjawegorzewska.com\/#\/schema\/person\/image\/\"}}]}<\/script>\n<!-- \/ Yoast SEO plugin. -->","yoast_head_json":{"title":"Gawa\u0142t na Lukrecji - Alicja W\u0119gorzewska","robots":{"index":"index","follow":"follow","max-snippet":"max-snippet:-1","max-image-preview":"max-image-preview:large","max-video-preview":"max-video-preview:-1"},"canonical":"https:\/\/alicjawegorzewska.com\/index.php\/gawalt-na-lukrecji\/","og_locale":"pl_PL","og_type":"article","og_title":"Gawa\u0142t na Lukrecji - Alicja W\u0119gorzewska","og_description":"Lukrecja w operze Benjamina Brittena \u201eGwa\u0142t na Lukrecji\u201d to jedna z najbardziej przejmuj\u0105cych r\u00f3l, jakie dane mi by\u0142o kreowa\u0107. To posta\u0107 symboliczna \u2013 kobieta czysta,&hellip;","og_url":"https:\/\/alicjawegorzewska.com\/index.php\/gawalt-na-lukrecji\/","og_site_name":"Alicja W\u0119gorzewska","article_modified_time":"2025-10-18T16:05:35+00:00","og_image":[{"url":"https:\/\/alicjawegorzewska.com\/wp-content\/uploads\/2025\/09\/8.png","type":"","width":"","height":""}],"twitter_card":"summary_large_image","twitter_misc":{"Szacowany czas czytania":"2 minuty"},"schema":{"@context":"https:\/\/schema.org","@graph":[{"@type":"WebPage","@id":"https:\/\/alicjawegorzewska.com\/index.php\/gawalt-na-lukrecji\/","url":"https:\/\/alicjawegorzewska.com\/index.php\/gawalt-na-lukrecji\/","name":"Gawa\u0142t na Lukrecji - Alicja W\u0119gorzewska","isPartOf":{"@id":"https:\/\/alicjawegorzewska.com\/#website"},"primaryImageOfPage":{"@id":"https:\/\/alicjawegorzewska.com\/index.php\/gawalt-na-lukrecji\/#primaryimage"},"image":{"@id":"https:\/\/alicjawegorzewska.com\/index.php\/gawalt-na-lukrecji\/#primaryimage"},"thumbnailUrl":"https:\/\/alicjawegorzewska.com\/wp-content\/uploads\/2025\/09\/8.png","datePublished":"2025-10-18T12:14:16+00:00","dateModified":"2025-10-18T16:05:35+00:00","breadcrumb":{"@id":"https:\/\/alicjawegorzewska.com\/index.php\/gawalt-na-lukrecji\/#breadcrumb"},"inLanguage":"pl-PL","potentialAction":[{"@type":"ReadAction","target":["https:\/\/alicjawegorzewska.com\/index.php\/gawalt-na-lukrecji\/"]}]},{"@type":"ImageObject","inLanguage":"pl-PL","@id":"https:\/\/alicjawegorzewska.com\/index.php\/gawalt-na-lukrecji\/#primaryimage","url":"https:\/\/alicjawegorzewska.com\/wp-content\/uploads\/2025\/09\/8.png","contentUrl":"https:\/\/alicjawegorzewska.com\/wp-content\/uploads\/2025\/09\/8.png","width":820,"height":462},{"@type":"BreadcrumbList","@id":"https:\/\/alicjawegorzewska.com\/index.php\/gawalt-na-lukrecji\/#breadcrumb","itemListElement":[{"@type":"ListItem","position":1,"name":"Strona g\u0142\u00f3wna","item":"https:\/\/alicjawegorzewska.com\/"},{"@type":"ListItem","position":2,"name":"Gawa\u0142t na Lukrecji"}]},{"@type":"WebSite","@id":"https:\/\/alicjawegorzewska.com\/#website","url":"https:\/\/alicjawegorzewska.com\/","name":"Alicja W\u0119gorzewska","description":"Strona oficjalna","publisher":{"@id":"https:\/\/alicjawegorzewska.com\/#\/schema\/person\/7468c1c1d69a9b6e8db3fe1964cd9dcb"},"potentialAction":[{"@type":"SearchAction","target":{"@type":"EntryPoint","urlTemplate":"https:\/\/alicjawegorzewska.com\/?s={search_term_string}"},"query-input":{"@type":"PropertyValueSpecification","valueRequired":true,"valueName":"search_term_string"}}],"inLanguage":"pl-PL"},{"@type":["Person","Organization"],"@id":"https:\/\/alicjawegorzewska.com\/#\/schema\/person\/7468c1c1d69a9b6e8db3fe1964cd9dcb","name":"Alicja W\u0119gorzewska-Whiskerd","image":{"@type":"ImageObject","inLanguage":"pl-PL","@id":"https:\/\/alicjawegorzewska.com\/#\/schema\/person\/image\/","url":"https:\/\/alicjawegorzewska.com\/wp-content\/uploads\/2019\/10\/AW-2.png","contentUrl":"https:\/\/alicjawegorzewska.com\/wp-content\/uploads\/2019\/10\/AW-2.png","width":500,"height":500,"caption":"Alicja W\u0119gorzewska-Whiskerd"},"logo":{"@id":"https:\/\/alicjawegorzewska.com\/#\/schema\/person\/image\/"}}]}},"jetpack_sharing_enabled":true,"_links":{"self":[{"href":"https:\/\/alicjawegorzewska.com\/index.php\/wp-json\/wp\/v2\/pages\/6116","targetHints":{"allow":["GET"]}}],"collection":[{"href":"https:\/\/alicjawegorzewska.com\/index.php\/wp-json\/wp\/v2\/pages"}],"about":[{"href":"https:\/\/alicjawegorzewska.com\/index.php\/wp-json\/wp\/v2\/types\/page"}],"author":[{"embeddable":true,"href":"https:\/\/alicjawegorzewska.com\/index.php\/wp-json\/wp\/v2\/users\/3"}],"replies":[{"embeddable":true,"href":"https:\/\/alicjawegorzewska.com\/index.php\/wp-json\/wp\/v2\/comments?post=6116"}],"version-history":[{"count":5,"href":"https:\/\/alicjawegorzewska.com\/index.php\/wp-json\/wp\/v2\/pages\/6116\/revisions"}],"predecessor-version":[{"id":6170,"href":"https:\/\/alicjawegorzewska.com\/index.php\/wp-json\/wp\/v2\/pages\/6116\/revisions\/6170"}],"wp:attachment":[{"href":"https:\/\/alicjawegorzewska.com\/index.php\/wp-json\/wp\/v2\/media?parent=6116"}],"curies":[{"name":"wp","href":"https:\/\/api.w.org\/{rel}","templated":true}]}}