{"id":6077,"date":"2025-10-18T09:29:54","date_gmt":"2025-10-18T07:29:54","guid":{"rendered":"https:\/\/alicjawegorzewska.com\/?page_id=6077"},"modified":"2025-10-18T09:29:54","modified_gmt":"2025-10-18T07:29:54","slug":"100-skutecznych-kobiet-roku-2021-magazyn-forbeswomen","status":"publish","type":"page","link":"https:\/\/alicjawegorzewska.com\/index.php\/100-skutecznych-kobiet-roku-2021-magazyn-forbeswomen\/","title":{"rendered":"100 Skutecznych Kobiet Roku 2021 \u2013 Magazyn ForbesWomen"},"content":{"rendered":"<p data-start=\"62\" data-end=\"336\">Znalaz\u0142am si\u0119 w gronie wyj\u0105tkowych kobiet wyr\u00f3\u017cnionych przez <strong data-start=\"123\" data-end=\"146\">Magazyn ForbesWomen<\/strong> w zestawieniu <strong data-start=\"161\" data-end=\"199\">\u201e100 Skutecznych Kobiet Roku 2021\u201d<\/strong> \u2013 liderek, aktywistek, artystek, innowatorek i kobiet biznesu, kt\u00f3re swoj\u0105 dzia\u0142alno\u015bci\u0105 wyznaczaj\u0105 kierunki zmian i inspiruj\u0105 innych.<\/p>\n<p data-start=\"338\" data-end=\"672\">Rok 2021 by\u0142 kolejnym trudnym czasem dla \u015bwiata kultury, ale jednocze\u015bnie dowodem na to, \u017ce determinacja, kreatywno\u015b\u0107 i wiara w sens sztuki potrafi\u0105 przezwyci\u0119\u017cy\u0107 ka\u017cde ograniczenia. Jako dyrektor <strong data-start=\"535\" data-end=\"568\">Warszawskiej Opery Kameralnej<\/strong> postawi\u0142am na dzia\u0142anie i ci\u0105g\u0142o\u015b\u0107 \u2013 teatr nie zosta\u0142 zamkni\u0119ty, lecz przeni\u00f3s\u0142 si\u0119 do \u015bwiata online.<\/p>\n<p data-start=\"674\" data-end=\"1065\">W tym czasie powsta\u0142y nowe premiery i projekty artystyczne, w tym nagrodzona <strong data-start=\"751\" data-end=\"761\">DIG IT<\/strong> jako najlepsza inicjatywa internetowa w dziedzinie kultury \u2013 <strong data-start=\"823\" data-end=\"837\">\u201eOperaOK!\u201d<\/strong>. Wsp\u00f3lnie z zespo\u0142em stworzyli\u015bmy tak\u017ce najwi\u0119ksze muzyczne wydarzenie tamtego roku \u2013 <strong data-start=\"924\" data-end=\"965\">30. Jubileuszowy Festiwal Mozartowski<\/strong>, kt\u00f3ry mimo pandemii odby\u0142 si\u0119 z pe\u0142nym rozmachem i spotka\u0142 si\u0119 z ogromnym uznaniem publiczno\u015bci.<\/p>\n<p data-start=\"1067\" data-end=\"1302\" data-is-last-node=\"\" data-is-only-node=\"\">To wyr\u00f3\u017cnienie <strong data-start=\"1082\" data-end=\"1097\">ForbesWomen<\/strong> traktuj\u0119 jako uhonorowanie nie tylko mojej pracy, lecz tak\u017ce ca\u0142ego zespo\u0142u Warszawskiej Opery Kameralnej \u2013 ludzi, kt\u00f3rzy ka\u017cdego dnia udowadniaj\u0105, \u017ce kultura ma moc przetrwania, inspiracji i jednoczenia.<\/p>\n<p data-start=\"1067\" data-end=\"1302\" data-is-last-node=\"\" data-is-only-node=\"\">&nbsp;<\/p>\n<p data-start=\"1067\" data-end=\"1302\" data-is-last-node=\"\" data-is-only-node=\"\"><img fetchpriority=\"high\" decoding=\"async\" class=\"alignnone size-full wp-image-6078\" src=\"https:\/\/alicjawegorzewska.com\/wp-content\/uploads\/2025\/10\/Forbes.jpg\" alt=\"\" width=\"570\" height=\"321\" srcset=\"https:\/\/alicjawegorzewska.com\/wp-content\/uploads\/2025\/10\/Forbes.jpg 570w, https:\/\/alicjawegorzewska.com\/wp-content\/uploads\/2025\/10\/Forbes-300x169.jpg 300w, https:\/\/alicjawegorzewska.com\/wp-content\/uploads\/2025\/10\/Forbes-107x60.jpg 107w, https:\/\/alicjawegorzewska.com\/wp-content\/uploads\/2025\/10\/Forbes-160x90.jpg 160w\" sizes=\"(max-width: 570px) 100vw, 570px\" \/><\/p>\n","protected":false},"excerpt":{"rendered":"<p>Znalaz\u0142am si\u0119 w gronie wyj\u0105tkowych kobiet wyr\u00f3\u017cnionych przez Magazyn ForbesWomen w zestawieniu \u201e100 Skutecznych Kobiet Roku 2021\u201d \u2013 liderek, aktywistek, artystek, innowatorek i kobiet biznesu,&hellip; <\/p>\n","protected":false},"author":3,"featured_media":0,"parent":0,"menu_order":0,"comment_status":"closed","ping_status":"closed","template":"","meta":{"ngg_post_thumbnail":0,"footnotes":""},"class_list":["post-6077","page","type-page","status-publish","hentry"],"yoast_head":"<!-- This site is optimized with the Yoast SEO plugin v25.9 - https:\/\/yoast.com\/wordpress\/plugins\/seo\/ -->\n<title>100 Skutecznych Kobiet Roku 2021 \u2013 Magazyn ForbesWomen - Alicja W\u0119gorzewska<\/title>\n<meta name=\"robots\" content=\"index, follow, max-snippet:-1, max-image-preview:large, max-video-preview:-1\" \/>\n<link rel=\"canonical\" href=\"https:\/\/alicjawegorzewska.com\/index.php\/100-skutecznych-kobiet-roku-2021-magazyn-forbeswomen\/\" \/>\n<meta property=\"og:locale\" content=\"pl_PL\" \/>\n<meta property=\"og:type\" content=\"article\" \/>\n<meta property=\"og:title\" content=\"100 Skutecznych Kobiet Roku 2021 \u2013 Magazyn ForbesWomen - Alicja W\u0119gorzewska\" \/>\n<meta property=\"og:description\" content=\"Znalaz\u0142am si\u0119 w gronie wyj\u0105tkowych kobiet wyr\u00f3\u017cnionych przez Magazyn ForbesWomen w zestawieniu \u201e100 Skutecznych Kobiet Roku 2021\u201d \u2013 liderek, aktywistek, artystek, innowatorek i kobiet biznesu,&hellip;\" \/>\n<meta property=\"og:url\" content=\"https:\/\/alicjawegorzewska.com\/index.php\/100-skutecznych-kobiet-roku-2021-magazyn-forbeswomen\/\" \/>\n<meta property=\"og:site_name\" content=\"Alicja W\u0119gorzewska\" \/>\n<meta property=\"og:image\" content=\"https:\/\/alicjawegorzewska.com\/wp-content\/uploads\/2025\/10\/Forbes.jpg\" \/>\n<meta name=\"twitter:card\" content=\"summary_large_image\" \/>\n<meta name=\"twitter:label1\" content=\"Szacowany czas czytania\" \/>\n\t<meta name=\"twitter:data1\" content=\"2 minuty\" \/>\n<script type=\"application\/ld+json\" class=\"yoast-schema-graph\">{\"@context\":\"https:\/\/schema.org\",\"@graph\":[{\"@type\":\"WebPage\",\"@id\":\"https:\/\/alicjawegorzewska.com\/index.php\/100-skutecznych-kobiet-roku-2021-magazyn-forbeswomen\/\",\"url\":\"https:\/\/alicjawegorzewska.com\/index.php\/100-skutecznych-kobiet-roku-2021-magazyn-forbeswomen\/\",\"name\":\"100 Skutecznych Kobiet Roku 2021 \u2013 Magazyn ForbesWomen - Alicja W\u0119gorzewska\",\"isPartOf\":{\"@id\":\"https:\/\/alicjawegorzewska.com\/#website\"},\"primaryImageOfPage\":{\"@id\":\"https:\/\/alicjawegorzewska.com\/index.php\/100-skutecznych-kobiet-roku-2021-magazyn-forbeswomen\/#primaryimage\"},\"image\":{\"@id\":\"https:\/\/alicjawegorzewska.com\/index.php\/100-skutecznych-kobiet-roku-2021-magazyn-forbeswomen\/#primaryimage\"},\"thumbnailUrl\":\"https:\/\/alicjawegorzewska.com\/wp-content\/uploads\/2025\/10\/Forbes.jpg\",\"datePublished\":\"2025-10-18T07:29:54+00:00\",\"breadcrumb\":{\"@id\":\"https:\/\/alicjawegorzewska.com\/index.php\/100-skutecznych-kobiet-roku-2021-magazyn-forbeswomen\/#breadcrumb\"},\"inLanguage\":\"pl-PL\",\"potentialAction\":[{\"@type\":\"ReadAction\",\"target\":[\"https:\/\/alicjawegorzewska.com\/index.php\/100-skutecznych-kobiet-roku-2021-magazyn-forbeswomen\/\"]}]},{\"@type\":\"ImageObject\",\"inLanguage\":\"pl-PL\",\"@id\":\"https:\/\/alicjawegorzewska.com\/index.php\/100-skutecznych-kobiet-roku-2021-magazyn-forbeswomen\/#primaryimage\",\"url\":\"https:\/\/alicjawegorzewska.com\/wp-content\/uploads\/2025\/10\/Forbes.jpg\",\"contentUrl\":\"https:\/\/alicjawegorzewska.com\/wp-content\/uploads\/2025\/10\/Forbes.jpg\",\"width\":570,\"height\":321},{\"@type\":\"BreadcrumbList\",\"@id\":\"https:\/\/alicjawegorzewska.com\/index.php\/100-skutecznych-kobiet-roku-2021-magazyn-forbeswomen\/#breadcrumb\",\"itemListElement\":[{\"@type\":\"ListItem\",\"position\":1,\"name\":\"Strona g\u0142\u00f3wna\",\"item\":\"https:\/\/alicjawegorzewska.com\/\"},{\"@type\":\"ListItem\",\"position\":2,\"name\":\"100 Skutecznych Kobiet Roku 2021 \u2013 Magazyn ForbesWomen\"}]},{\"@type\":\"WebSite\",\"@id\":\"https:\/\/alicjawegorzewska.com\/#website\",\"url\":\"https:\/\/alicjawegorzewska.com\/\",\"name\":\"Alicja W\u0119gorzewska\",\"description\":\"Strona oficjalna\",\"publisher\":{\"@id\":\"https:\/\/alicjawegorzewska.com\/#\/schema\/person\/7468c1c1d69a9b6e8db3fe1964cd9dcb\"},\"potentialAction\":[{\"@type\":\"SearchAction\",\"target\":{\"@type\":\"EntryPoint\",\"urlTemplate\":\"https:\/\/alicjawegorzewska.com\/?s={search_term_string}\"},\"query-input\":{\"@type\":\"PropertyValueSpecification\",\"valueRequired\":true,\"valueName\":\"search_term_string\"}}],\"inLanguage\":\"pl-PL\"},{\"@type\":[\"Person\",\"Organization\"],\"@id\":\"https:\/\/alicjawegorzewska.com\/#\/schema\/person\/7468c1c1d69a9b6e8db3fe1964cd9dcb\",\"name\":\"Alicja W\u0119gorzewska-Whiskerd\",\"image\":{\"@type\":\"ImageObject\",\"inLanguage\":\"pl-PL\",\"@id\":\"https:\/\/alicjawegorzewska.com\/#\/schema\/person\/image\/\",\"url\":\"https:\/\/alicjawegorzewska.com\/wp-content\/uploads\/2019\/10\/AW-2.png\",\"contentUrl\":\"https:\/\/alicjawegorzewska.com\/wp-content\/uploads\/2019\/10\/AW-2.png\",\"width\":500,\"height\":500,\"caption\":\"Alicja W\u0119gorzewska-Whiskerd\"},\"logo\":{\"@id\":\"https:\/\/alicjawegorzewska.com\/#\/schema\/person\/image\/\"}}]}<\/script>\n<!-- \/ Yoast SEO plugin. -->","yoast_head_json":{"title":"100 Skutecznych Kobiet Roku 2021 \u2013 Magazyn ForbesWomen - Alicja W\u0119gorzewska","robots":{"index":"index","follow":"follow","max-snippet":"max-snippet:-1","max-image-preview":"max-image-preview:large","max-video-preview":"max-video-preview:-1"},"canonical":"https:\/\/alicjawegorzewska.com\/index.php\/100-skutecznych-kobiet-roku-2021-magazyn-forbeswomen\/","og_locale":"pl_PL","og_type":"article","og_title":"100 Skutecznych Kobiet Roku 2021 \u2013 Magazyn ForbesWomen - Alicja W\u0119gorzewska","og_description":"Znalaz\u0142am si\u0119 w gronie wyj\u0105tkowych kobiet wyr\u00f3\u017cnionych przez Magazyn ForbesWomen w zestawieniu \u201e100 Skutecznych Kobiet Roku 2021\u201d \u2013 liderek, aktywistek, artystek, innowatorek i kobiet biznesu,&hellip;","og_url":"https:\/\/alicjawegorzewska.com\/index.php\/100-skutecznych-kobiet-roku-2021-magazyn-forbeswomen\/","og_site_name":"Alicja W\u0119gorzewska","og_image":[{"url":"https:\/\/alicjawegorzewska.com\/wp-content\/uploads\/2025\/10\/Forbes.jpg","type":"","width":"","height":""}],"twitter_card":"summary_large_image","twitter_misc":{"Szacowany czas czytania":"2 minuty"},"schema":{"@context":"https:\/\/schema.org","@graph":[{"@type":"WebPage","@id":"https:\/\/alicjawegorzewska.com\/index.php\/100-skutecznych-kobiet-roku-2021-magazyn-forbeswomen\/","url":"https:\/\/alicjawegorzewska.com\/index.php\/100-skutecznych-kobiet-roku-2021-magazyn-forbeswomen\/","name":"100 Skutecznych Kobiet Roku 2021 \u2013 Magazyn ForbesWomen - Alicja W\u0119gorzewska","isPartOf":{"@id":"https:\/\/alicjawegorzewska.com\/#website"},"primaryImageOfPage":{"@id":"https:\/\/alicjawegorzewska.com\/index.php\/100-skutecznych-kobiet-roku-2021-magazyn-forbeswomen\/#primaryimage"},"image":{"@id":"https:\/\/alicjawegorzewska.com\/index.php\/100-skutecznych-kobiet-roku-2021-magazyn-forbeswomen\/#primaryimage"},"thumbnailUrl":"https:\/\/alicjawegorzewska.com\/wp-content\/uploads\/2025\/10\/Forbes.jpg","datePublished":"2025-10-18T07:29:54+00:00","breadcrumb":{"@id":"https:\/\/alicjawegorzewska.com\/index.php\/100-skutecznych-kobiet-roku-2021-magazyn-forbeswomen\/#breadcrumb"},"inLanguage":"pl-PL","potentialAction":[{"@type":"ReadAction","target":["https:\/\/alicjawegorzewska.com\/index.php\/100-skutecznych-kobiet-roku-2021-magazyn-forbeswomen\/"]}]},{"@type":"ImageObject","inLanguage":"pl-PL","@id":"https:\/\/alicjawegorzewska.com\/index.php\/100-skutecznych-kobiet-roku-2021-magazyn-forbeswomen\/#primaryimage","url":"https:\/\/alicjawegorzewska.com\/wp-content\/uploads\/2025\/10\/Forbes.jpg","contentUrl":"https:\/\/alicjawegorzewska.com\/wp-content\/uploads\/2025\/10\/Forbes.jpg","width":570,"height":321},{"@type":"BreadcrumbList","@id":"https:\/\/alicjawegorzewska.com\/index.php\/100-skutecznych-kobiet-roku-2021-magazyn-forbeswomen\/#breadcrumb","itemListElement":[{"@type":"ListItem","position":1,"name":"Strona g\u0142\u00f3wna","item":"https:\/\/alicjawegorzewska.com\/"},{"@type":"ListItem","position":2,"name":"100 Skutecznych Kobiet Roku 2021 \u2013 Magazyn ForbesWomen"}]},{"@type":"WebSite","@id":"https:\/\/alicjawegorzewska.com\/#website","url":"https:\/\/alicjawegorzewska.com\/","name":"Alicja W\u0119gorzewska","description":"Strona oficjalna","publisher":{"@id":"https:\/\/alicjawegorzewska.com\/#\/schema\/person\/7468c1c1d69a9b6e8db3fe1964cd9dcb"},"potentialAction":[{"@type":"SearchAction","target":{"@type":"EntryPoint","urlTemplate":"https:\/\/alicjawegorzewska.com\/?s={search_term_string}"},"query-input":{"@type":"PropertyValueSpecification","valueRequired":true,"valueName":"search_term_string"}}],"inLanguage":"pl-PL"},{"@type":["Person","Organization"],"@id":"https:\/\/alicjawegorzewska.com\/#\/schema\/person\/7468c1c1d69a9b6e8db3fe1964cd9dcb","name":"Alicja W\u0119gorzewska-Whiskerd","image":{"@type":"ImageObject","inLanguage":"pl-PL","@id":"https:\/\/alicjawegorzewska.com\/#\/schema\/person\/image\/","url":"https:\/\/alicjawegorzewska.com\/wp-content\/uploads\/2019\/10\/AW-2.png","contentUrl":"https:\/\/alicjawegorzewska.com\/wp-content\/uploads\/2019\/10\/AW-2.png","width":500,"height":500,"caption":"Alicja W\u0119gorzewska-Whiskerd"},"logo":{"@id":"https:\/\/alicjawegorzewska.com\/#\/schema\/person\/image\/"}}]}},"jetpack_sharing_enabled":true,"_links":{"self":[{"href":"https:\/\/alicjawegorzewska.com\/index.php\/wp-json\/wp\/v2\/pages\/6077","targetHints":{"allow":["GET"]}}],"collection":[{"href":"https:\/\/alicjawegorzewska.com\/index.php\/wp-json\/wp\/v2\/pages"}],"about":[{"href":"https:\/\/alicjawegorzewska.com\/index.php\/wp-json\/wp\/v2\/types\/page"}],"author":[{"embeddable":true,"href":"https:\/\/alicjawegorzewska.com\/index.php\/wp-json\/wp\/v2\/users\/3"}],"replies":[{"embeddable":true,"href":"https:\/\/alicjawegorzewska.com\/index.php\/wp-json\/wp\/v2\/comments?post=6077"}],"version-history":[{"count":1,"href":"https:\/\/alicjawegorzewska.com\/index.php\/wp-json\/wp\/v2\/pages\/6077\/revisions"}],"predecessor-version":[{"id":6079,"href":"https:\/\/alicjawegorzewska.com\/index.php\/wp-json\/wp\/v2\/pages\/6077\/revisions\/6079"}],"wp:attachment":[{"href":"https:\/\/alicjawegorzewska.com\/index.php\/wp-json\/wp\/v2\/media?parent=6077"}],"curies":[{"name":"wp","href":"https:\/\/api.w.org\/{rel}","templated":true}]}}