{"id":6014,"date":"2025-10-14T08:24:30","date_gmt":"2025-10-14T06:24:30","guid":{"rendered":"https:\/\/alicjawegorzewska.com\/?page_id=6014"},"modified":"2025-10-14T08:25:20","modified_gmt":"2025-10-14T06:25:20","slug":"6014-2","status":"publish","type":"page","link":"https:\/\/alicjawegorzewska.com\/index.php\/6014-2\/","title":{"rendered":"Eugeniusz Oniegin"},"content":{"rendered":"<p style=\"text-align: justify;\"><em>Eugeniusz Oniegin<\/em> (\u0415\u0432\u0433\u0435\u043d\u0438\u0439 \u041e\u043d\u0435\u0433\u0438\u043d) \u2013 opera Piotra Czajkowskiego. Libretto samego kompozytora i Konstantina Szy\u0142owskiego na podstawie poematu Aleksandra Puszkina.<\/p>\n<p>Rola Olgii w Operze Ba\u0142tyckiej w Gda\u0144sku, re\u017cyseria Marek Weiss, kierownictwo muzyczne Jos\u00e9 Maria Flor\u00eancio,<\/p>\n<h4 style=\"text-align: justify;\"><em><strong>Serce i lekko\u015b\u0107 m\u0142odo\u015bci<\/strong><\/em><\/h4>\n<p style=\"text-align: justify;\" data-start=\"0\" data-end=\"304\">Olga w <em data-start=\"7\" data-end=\"29\">Eugeniuszu Onieginie<\/em> to rola, kt\u00f3r\u0105 bardzo lubi\u0119 \u2013 pe\u0142na m\u0142odzie\u0144czej energii, \u017cycia i beztroski. Wyst\u0105pi\u0142am w niej w <strong data-start=\"127\" data-end=\"158\">Operze Ba\u0142tyckiej w Gda\u0144sku<\/strong>, w spektaklu w re\u017cyserii <strong data-start=\"184\" data-end=\"200\">Marka Weissa<\/strong>, pod kierownictwem muzycznym <strong data-start=\"230\" data-end=\"254\">Jos\u00e9 Marii Flor\u00eancia<\/strong>.<\/p>\n<p style=\"text-align: justify;\" data-start=\"306\" data-end=\"653\">Dla mnie Olga to kto\u015b, kto kocha \u017cycie ca\u0142ym sercem. Lubi \u015bmia\u0107 si\u0119, ta\u0144czy\u0107, \u017cartowa\u0107, nie analizuje \u2013 po prostu czuje. W przeciwie\u0144stwie do swojej siostry Tatiany, kt\u00f3ra marzy i rozmy\u015bla, Olga \u017cyje chwil\u0105. I to w\u0142a\u015bnie czyni j\u0105 tak ludzk\u0105 \u2013 bo przecie\u017c ka\u017cdy z nas bywa czasem lekkomy\u015blny, nie przewiduj\u0105c, jakie skutki mog\u0105 mie\u0107 drobne gesty.<\/p>\n<p style=\"text-align: justify;\" data-start=\"655\" data-end=\"1039\">Na scenie chcia\u0142am, \u017ceby moja Olga by\u0142a prawdziwa \u2013 nie lalka z balu, tylko dziewczyna, kt\u00f3ra naprawd\u0119 kocha Le\u0144skiego, cho\u0107 jeszcze nie rozumie g\u0142\u0119bi tego uczucia. Jej flirt z Onieginem to nie z\u0142o\u015bliwo\u015b\u0107, a raczej gra, w kt\u00f3r\u0105 wci\u0105ga j\u0105 m\u0142odo\u015b\u0107 i atmosfera balu. W tym u\u015bmiechu, w tym lekkim \u015bpiewie kryje si\u0119 jednak co\u015b wi\u0119cej \u2013 moment, w kt\u00f3rym niewinno\u015b\u0107 spotyka si\u0119 z tragedi\u0105.<\/p>\n<p style=\"text-align: justify;\" data-start=\"1041\" data-end=\"1405\" data-is-last-node=\"\" data-is-only-node=\"\">W tej roli zawsze czu\u0142am ogromn\u0105 rado\u015b\u0107, ale te\u017c wzruszenie. Olga uczy, \u017ce nawet w operze, gdzie dramat miesza si\u0119 z pi\u0119knem muzyki, najwa\u017cniejsze s\u0105 emocje, kt\u00f3re pozostaj\u0105 prawdziwe. Ka\u017cdy jej \u015bmiech, ka\u017cdy krok w ta\u0144cu \u2013 to oddech \u017cycia. Dlatego tak bardzo kocham t\u0119 posta\u0107: za jej szczero\u015b\u0107, ciep\u0142o i przypomnienie, \u017ce nawet najmniejszy gest mo\u017ce odmieni\u0107 los.<\/p>\n<p data-start=\"1041\" data-end=\"1405\" data-is-last-node=\"\" data-is-only-node=\"\"><img fetchpriority=\"high\" decoding=\"async\" class=\"alignnone size-large wp-image-6015\" src=\"https:\/\/alicjawegorzewska.com\/wp-content\/uploads\/2025\/10\/13-1024x577.png\" alt=\"\" width=\"1024\" height=\"577\" srcset=\"https:\/\/alicjawegorzewska.com\/wp-content\/uploads\/2025\/10\/13-1024x577.png 1024w, https:\/\/alicjawegorzewska.com\/wp-content\/uploads\/2025\/10\/13-300x169.png 300w, https:\/\/alicjawegorzewska.com\/wp-content\/uploads\/2025\/10\/13-768x433.png 768w, https:\/\/alicjawegorzewska.com\/wp-content\/uploads\/2025\/10\/13-1536x865.png 1536w, https:\/\/alicjawegorzewska.com\/wp-content\/uploads\/2025\/10\/13-600x338.png 600w, https:\/\/alicjawegorzewska.com\/wp-content\/uploads\/2025\/10\/13.png 1640w\" sizes=\"(max-width: 1024px) 100vw, 1024px\" \/><\/p>\n","protected":false},"excerpt":{"rendered":"<p>Eugeniusz Oniegin (\u0415\u0432\u0433\u0435\u043d\u0438\u0439 \u041e\u043d\u0435\u0433\u0438\u043d) \u2013 opera Piotra Czajkowskiego. Libretto samego kompozytora i Konstantina Szy\u0142owskiego na podstawie poematu Aleksandra Puszkina. Rola Olgii w Operze Ba\u0142tyckiej w&hellip; <\/p>\n","protected":false},"author":3,"featured_media":0,"parent":0,"menu_order":0,"comment_status":"closed","ping_status":"closed","template":"","meta":{"ngg_post_thumbnail":0,"footnotes":""},"class_list":["post-6014","page","type-page","status-publish","hentry"],"yoast_head":"<!-- This site is optimized with the Yoast SEO plugin v25.9 - https:\/\/yoast.com\/wordpress\/plugins\/seo\/ -->\n<title>Eugeniusz Oniegin - Alicja W\u0119gorzewska<\/title>\n<meta name=\"robots\" content=\"index, follow, max-snippet:-1, max-image-preview:large, max-video-preview:-1\" \/>\n<link rel=\"canonical\" href=\"https:\/\/alicjawegorzewska.com\/index.php\/6014-2\/\" \/>\n<meta property=\"og:locale\" content=\"pl_PL\" \/>\n<meta property=\"og:type\" content=\"article\" \/>\n<meta property=\"og:title\" content=\"Eugeniusz Oniegin - Alicja W\u0119gorzewska\" \/>\n<meta property=\"og:description\" content=\"Eugeniusz Oniegin (\u0415\u0432\u0433\u0435\u043d\u0438\u0439 \u041e\u043d\u0435\u0433\u0438\u043d) \u2013 opera Piotra Czajkowskiego. Libretto samego kompozytora i Konstantina Szy\u0142owskiego na podstawie poematu Aleksandra Puszkina. Rola Olgii w Operze Ba\u0142tyckiej w&hellip;\" \/>\n<meta property=\"og:url\" content=\"https:\/\/alicjawegorzewska.com\/index.php\/6014-2\/\" \/>\n<meta property=\"og:site_name\" content=\"Alicja W\u0119gorzewska\" \/>\n<meta property=\"article:modified_time\" content=\"2025-10-14T06:25:20+00:00\" \/>\n<meta property=\"og:image\" content=\"https:\/\/alicjawegorzewska.com\/wp-content\/uploads\/2025\/10\/13-1024x577.png\" \/>\n<meta name=\"twitter:card\" content=\"summary_large_image\" \/>\n<meta name=\"twitter:label1\" content=\"Szacowany czas czytania\" \/>\n\t<meta name=\"twitter:data1\" content=\"2 minuty\" \/>\n<script type=\"application\/ld+json\" class=\"yoast-schema-graph\">{\"@context\":\"https:\/\/schema.org\",\"@graph\":[{\"@type\":\"WebPage\",\"@id\":\"https:\/\/alicjawegorzewska.com\/index.php\/6014-2\/\",\"url\":\"https:\/\/alicjawegorzewska.com\/index.php\/6014-2\/\",\"name\":\"Eugeniusz Oniegin - Alicja W\u0119gorzewska\",\"isPartOf\":{\"@id\":\"https:\/\/alicjawegorzewska.com\/#website\"},\"primaryImageOfPage\":{\"@id\":\"https:\/\/alicjawegorzewska.com\/index.php\/6014-2\/#primaryimage\"},\"image\":{\"@id\":\"https:\/\/alicjawegorzewska.com\/index.php\/6014-2\/#primaryimage\"},\"thumbnailUrl\":\"https:\/\/alicjawegorzewska.com\/wp-content\/uploads\/2025\/10\/13-1024x577.png\",\"datePublished\":\"2025-10-14T06:24:30+00:00\",\"dateModified\":\"2025-10-14T06:25:20+00:00\",\"breadcrumb\":{\"@id\":\"https:\/\/alicjawegorzewska.com\/index.php\/6014-2\/#breadcrumb\"},\"inLanguage\":\"pl-PL\",\"potentialAction\":[{\"@type\":\"ReadAction\",\"target\":[\"https:\/\/alicjawegorzewska.com\/index.php\/6014-2\/\"]}]},{\"@type\":\"ImageObject\",\"inLanguage\":\"pl-PL\",\"@id\":\"https:\/\/alicjawegorzewska.com\/index.php\/6014-2\/#primaryimage\",\"url\":\"https:\/\/alicjawegorzewska.com\/wp-content\/uploads\/2025\/10\/13.png\",\"contentUrl\":\"https:\/\/alicjawegorzewska.com\/wp-content\/uploads\/2025\/10\/13.png\",\"width\":1640,\"height\":924},{\"@type\":\"BreadcrumbList\",\"@id\":\"https:\/\/alicjawegorzewska.com\/index.php\/6014-2\/#breadcrumb\",\"itemListElement\":[{\"@type\":\"ListItem\",\"position\":1,\"name\":\"Strona g\u0142\u00f3wna\",\"item\":\"https:\/\/alicjawegorzewska.com\/\"},{\"@type\":\"ListItem\",\"position\":2,\"name\":\"Eugeniusz Oniegin\"}]},{\"@type\":\"WebSite\",\"@id\":\"https:\/\/alicjawegorzewska.com\/#website\",\"url\":\"https:\/\/alicjawegorzewska.com\/\",\"name\":\"Alicja W\u0119gorzewska\",\"description\":\"Strona oficjalna\",\"publisher\":{\"@id\":\"https:\/\/alicjawegorzewska.com\/#\/schema\/person\/7468c1c1d69a9b6e8db3fe1964cd9dcb\"},\"potentialAction\":[{\"@type\":\"SearchAction\",\"target\":{\"@type\":\"EntryPoint\",\"urlTemplate\":\"https:\/\/alicjawegorzewska.com\/?s={search_term_string}\"},\"query-input\":{\"@type\":\"PropertyValueSpecification\",\"valueRequired\":true,\"valueName\":\"search_term_string\"}}],\"inLanguage\":\"pl-PL\"},{\"@type\":[\"Person\",\"Organization\"],\"@id\":\"https:\/\/alicjawegorzewska.com\/#\/schema\/person\/7468c1c1d69a9b6e8db3fe1964cd9dcb\",\"name\":\"Alicja W\u0119gorzewska-Whiskerd\",\"image\":{\"@type\":\"ImageObject\",\"inLanguage\":\"pl-PL\",\"@id\":\"https:\/\/alicjawegorzewska.com\/#\/schema\/person\/image\/\",\"url\":\"https:\/\/alicjawegorzewska.com\/wp-content\/uploads\/2019\/10\/AW-2.png\",\"contentUrl\":\"https:\/\/alicjawegorzewska.com\/wp-content\/uploads\/2019\/10\/AW-2.png\",\"width\":500,\"height\":500,\"caption\":\"Alicja W\u0119gorzewska-Whiskerd\"},\"logo\":{\"@id\":\"https:\/\/alicjawegorzewska.com\/#\/schema\/person\/image\/\"}}]}<\/script>\n<!-- \/ Yoast SEO plugin. -->","yoast_head_json":{"title":"Eugeniusz Oniegin - Alicja W\u0119gorzewska","robots":{"index":"index","follow":"follow","max-snippet":"max-snippet:-1","max-image-preview":"max-image-preview:large","max-video-preview":"max-video-preview:-1"},"canonical":"https:\/\/alicjawegorzewska.com\/index.php\/6014-2\/","og_locale":"pl_PL","og_type":"article","og_title":"Eugeniusz Oniegin - Alicja W\u0119gorzewska","og_description":"Eugeniusz Oniegin (\u0415\u0432\u0433\u0435\u043d\u0438\u0439 \u041e\u043d\u0435\u0433\u0438\u043d) \u2013 opera Piotra Czajkowskiego. Libretto samego kompozytora i Konstantina Szy\u0142owskiego na podstawie poematu Aleksandra Puszkina. Rola Olgii w Operze Ba\u0142tyckiej w&hellip;","og_url":"https:\/\/alicjawegorzewska.com\/index.php\/6014-2\/","og_site_name":"Alicja W\u0119gorzewska","article_modified_time":"2025-10-14T06:25:20+00:00","og_image":[{"url":"https:\/\/alicjawegorzewska.com\/wp-content\/uploads\/2025\/10\/13-1024x577.png","type":"","width":"","height":""}],"twitter_card":"summary_large_image","twitter_misc":{"Szacowany czas czytania":"2 minuty"},"schema":{"@context":"https:\/\/schema.org","@graph":[{"@type":"WebPage","@id":"https:\/\/alicjawegorzewska.com\/index.php\/6014-2\/","url":"https:\/\/alicjawegorzewska.com\/index.php\/6014-2\/","name":"Eugeniusz Oniegin - Alicja W\u0119gorzewska","isPartOf":{"@id":"https:\/\/alicjawegorzewska.com\/#website"},"primaryImageOfPage":{"@id":"https:\/\/alicjawegorzewska.com\/index.php\/6014-2\/#primaryimage"},"image":{"@id":"https:\/\/alicjawegorzewska.com\/index.php\/6014-2\/#primaryimage"},"thumbnailUrl":"https:\/\/alicjawegorzewska.com\/wp-content\/uploads\/2025\/10\/13-1024x577.png","datePublished":"2025-10-14T06:24:30+00:00","dateModified":"2025-10-14T06:25:20+00:00","breadcrumb":{"@id":"https:\/\/alicjawegorzewska.com\/index.php\/6014-2\/#breadcrumb"},"inLanguage":"pl-PL","potentialAction":[{"@type":"ReadAction","target":["https:\/\/alicjawegorzewska.com\/index.php\/6014-2\/"]}]},{"@type":"ImageObject","inLanguage":"pl-PL","@id":"https:\/\/alicjawegorzewska.com\/index.php\/6014-2\/#primaryimage","url":"https:\/\/alicjawegorzewska.com\/wp-content\/uploads\/2025\/10\/13.png","contentUrl":"https:\/\/alicjawegorzewska.com\/wp-content\/uploads\/2025\/10\/13.png","width":1640,"height":924},{"@type":"BreadcrumbList","@id":"https:\/\/alicjawegorzewska.com\/index.php\/6014-2\/#breadcrumb","itemListElement":[{"@type":"ListItem","position":1,"name":"Strona g\u0142\u00f3wna","item":"https:\/\/alicjawegorzewska.com\/"},{"@type":"ListItem","position":2,"name":"Eugeniusz Oniegin"}]},{"@type":"WebSite","@id":"https:\/\/alicjawegorzewska.com\/#website","url":"https:\/\/alicjawegorzewska.com\/","name":"Alicja W\u0119gorzewska","description":"Strona oficjalna","publisher":{"@id":"https:\/\/alicjawegorzewska.com\/#\/schema\/person\/7468c1c1d69a9b6e8db3fe1964cd9dcb"},"potentialAction":[{"@type":"SearchAction","target":{"@type":"EntryPoint","urlTemplate":"https:\/\/alicjawegorzewska.com\/?s={search_term_string}"},"query-input":{"@type":"PropertyValueSpecification","valueRequired":true,"valueName":"search_term_string"}}],"inLanguage":"pl-PL"},{"@type":["Person","Organization"],"@id":"https:\/\/alicjawegorzewska.com\/#\/schema\/person\/7468c1c1d69a9b6e8db3fe1964cd9dcb","name":"Alicja W\u0119gorzewska-Whiskerd","image":{"@type":"ImageObject","inLanguage":"pl-PL","@id":"https:\/\/alicjawegorzewska.com\/#\/schema\/person\/image\/","url":"https:\/\/alicjawegorzewska.com\/wp-content\/uploads\/2019\/10\/AW-2.png","contentUrl":"https:\/\/alicjawegorzewska.com\/wp-content\/uploads\/2019\/10\/AW-2.png","width":500,"height":500,"caption":"Alicja W\u0119gorzewska-Whiskerd"},"logo":{"@id":"https:\/\/alicjawegorzewska.com\/#\/schema\/person\/image\/"}}]}},"jetpack_sharing_enabled":true,"_links":{"self":[{"href":"https:\/\/alicjawegorzewska.com\/index.php\/wp-json\/wp\/v2\/pages\/6014","targetHints":{"allow":["GET"]}}],"collection":[{"href":"https:\/\/alicjawegorzewska.com\/index.php\/wp-json\/wp\/v2\/pages"}],"about":[{"href":"https:\/\/alicjawegorzewska.com\/index.php\/wp-json\/wp\/v2\/types\/page"}],"author":[{"embeddable":true,"href":"https:\/\/alicjawegorzewska.com\/index.php\/wp-json\/wp\/v2\/users\/3"}],"replies":[{"embeddable":true,"href":"https:\/\/alicjawegorzewska.com\/index.php\/wp-json\/wp\/v2\/comments?post=6014"}],"version-history":[{"count":2,"href":"https:\/\/alicjawegorzewska.com\/index.php\/wp-json\/wp\/v2\/pages\/6014\/revisions"}],"predecessor-version":[{"id":6017,"href":"https:\/\/alicjawegorzewska.com\/index.php\/wp-json\/wp\/v2\/pages\/6014\/revisions\/6017"}],"wp:attachment":[{"href":"https:\/\/alicjawegorzewska.com\/index.php\/wp-json\/wp\/v2\/media?parent=6014"}],"curies":[{"name":"wp","href":"https:\/\/api.w.org\/{rel}","templated":true}]}}