{"id":5736,"date":"2021-12-10T21:04:20","date_gmt":"2021-12-10T20:04:20","guid":{"rendered":"https:\/\/alicjawegorzewska.com\/?page_id=5736"},"modified":"2025-09-17T19:25:03","modified_gmt":"2025-09-17T17:25:03","slug":"koledy","status":"publish","type":"page","link":"https:\/\/alicjawegorzewska.com\/index.php\/koledy\/","title":{"rendered":"Kol\u0119dy"},"content":{"rendered":"<p style=\"text-align: justify;\">Z okazji \u015bwi\u0105t Bo\u017cego Narodzenia Alicja W\u0119gorzewska nagra\u0142a album z najpi\u0119kniejszymi polskimi kol\u0119dami w aran\u017cacji Bogdana Kierejszy.<\/p>\n<p style=\"text-align: justify;\">Na kr\u0105\u017cku znalaz\u0142y si\u0119 najpopularniejsze polskie kol\u0119dy.\u00a0 Alicji W\u0119gorzewskiej towarzyszy nastrojowa, utrzymana w charakterze popu i jazzu muzyka w aran\u017cacji Bogdana Kierejszy.<\/p>\n<p style=\"text-align: justify;\"><em>&#8222;Poprzednia wersja kol\u0119d, kt\u00f3re wsp\u00f3lnie nagrali\u015bmy, ma ju\u017c 10 lat. Nie mo\u017cna ca\u0142e \u017cycie \u015bpiewa\u0107 kol\u0119d tak samo, dlatego zdecydowali\u015bmy si\u0119 na nowy album&#8221; &#8211; Alicja W\u0119gorzewska<\/em><\/p>\n<p style=\"text-align: justify;\"><strong>Na p\u0142ycie znalaz\u0142o si\u0119 dziewi\u0119\u0107 utwor\u00f3w bo\u017conarodzeniowych.\u00a0<\/strong>P\u0142yt\u0119 otwiera radosne \u201eP\u00f3jd\u017amy wszyscy do stajenki\u201d, nast\u0119pnie s\u0105 liryczna kol\u0119da \u201eGdy \u015bliczna Panna\u201d i wykonana w rytmie walca \u015bwi\u0105teczna pie\u015b\u0144 \u201eDo szopy, hej pasterze\u201d. Jest pe\u0142na uroku kol\u0119da \u201eJezus malusie\u0144ki\u201d oraz popularne \u201eW \u017c\u0142obie le\u017cy\u201d i \u201eLulaj\u017ce, Jezuniu\u201d. Na p\u0142ycie nie mog\u0142o zabrakn\u0105\u0107 polskiego arcydzie\u0142a, czyli \u201eB\u00f3g si\u0119 rodzi\u201d autorstwa Franciszka Karpi\u0144skiego, a tak\u017ce ch\u0119tnie \u015bpiewanej kol\u0119dy \u201eW\u015br\u00f3d nocnej ciszy\u201d. W wielu polskich parafiach w\u0142a\u015bnie t\u0105 pie\u015bni\u0105 witany jest Nowonarodzony podczas pasterki. Album zamyka najbardziej znana na \u015bwiecie kol\u0119da \u201eCicha noc\u201d.<\/p>\n<p style=\"text-align: justify;\">P\u0142yt\u0119 wydano dzi\u0119ki wsparciu PKN Orlen.<\/p>\n<p style=\"text-align: justify;\">\n<p style=\"text-align: justify;\"><a href=\"https:\/\/alicjawegorzewska.com\/index.php\/koledy\/\"><img fetchpriority=\"high\" decoding=\"async\" class=\"alignnone wp-image-5738 size-full\" src=\"https:\/\/alicjawegorzewska.com\/wp-content\/uploads\/2021\/12\/ALICJA-WEGORZEWSKA-Koledy_2021-okladka.jpg\" alt=\"\" width=\"2213\" height=\"959\" srcset=\"https:\/\/alicjawegorzewska.com\/wp-content\/uploads\/2021\/12\/ALICJA-WEGORZEWSKA-Koledy_2021-okladka.jpg 2213w, https:\/\/alicjawegorzewska.com\/wp-content\/uploads\/2021\/12\/ALICJA-WEGORZEWSKA-Koledy_2021-okladka-300x130.jpg 300w, https:\/\/alicjawegorzewska.com\/wp-content\/uploads\/2021\/12\/ALICJA-WEGORZEWSKA-Koledy_2021-okladka-1024x444.jpg 1024w, https:\/\/alicjawegorzewska.com\/wp-content\/uploads\/2021\/12\/ALICJA-WEGORZEWSKA-Koledy_2021-okladka-768x333.jpg 768w, https:\/\/alicjawegorzewska.com\/wp-content\/uploads\/2021\/12\/ALICJA-WEGORZEWSKA-Koledy_2021-okladka-1536x666.jpg 1536w, https:\/\/alicjawegorzewska.com\/wp-content\/uploads\/2021\/12\/ALICJA-WEGORZEWSKA-Koledy_2021-okladka-2048x887.jpg 2048w, https:\/\/alicjawegorzewska.com\/wp-content\/uploads\/2021\/12\/ALICJA-WEGORZEWSKA-Koledy_2021-okladka-1320x572.jpg 1320w, https:\/\/alicjawegorzewska.com\/wp-content\/uploads\/2021\/12\/ALICJA-WEGORZEWSKA-Koledy_2021-okladka-600x260.jpg 600w\" sizes=\"(max-width: 2213px) 100vw, 2213px\" \/><\/a><\/p>\n","protected":false},"excerpt":{"rendered":"<p>Z okazji \u015bwi\u0105t Bo\u017cego Narodzenia Alicja W\u0119gorzewska nagra\u0142a album z najpi\u0119kniejszymi polskimi kol\u0119dami w aran\u017cacji Bogdana Kierejszy. Na kr\u0105\u017cku znalaz\u0142y si\u0119 najpopularniejsze polskie kol\u0119dy.\u00a0 Alicji&hellip; <\/p>\n","protected":false},"author":3,"featured_media":0,"parent":0,"menu_order":0,"comment_status":"closed","ping_status":"closed","template":"","meta":{"ngg_post_thumbnail":0,"footnotes":""},"class_list":["post-5736","page","type-page","status-publish","hentry"],"yoast_head":"<!-- This site is optimized with the Yoast SEO plugin v25.9 - https:\/\/yoast.com\/wordpress\/plugins\/seo\/ -->\n<title>Kol\u0119dy - Alicja W\u0119gorzewska<\/title>\n<meta name=\"robots\" content=\"index, follow, max-snippet:-1, max-image-preview:large, max-video-preview:-1\" \/>\n<link rel=\"canonical\" href=\"https:\/\/alicjawegorzewska.com\/index.php\/koledy\/\" \/>\n<meta property=\"og:locale\" content=\"pl_PL\" \/>\n<meta property=\"og:type\" content=\"article\" \/>\n<meta property=\"og:title\" content=\"Kol\u0119dy - Alicja W\u0119gorzewska\" \/>\n<meta property=\"og:description\" content=\"Z okazji \u015bwi\u0105t Bo\u017cego Narodzenia Alicja W\u0119gorzewska nagra\u0142a album z najpi\u0119kniejszymi polskimi kol\u0119dami w aran\u017cacji Bogdana Kierejszy. Na kr\u0105\u017cku znalaz\u0142y si\u0119 najpopularniejsze polskie kol\u0119dy.\u00a0 Alicji&hellip;\" \/>\n<meta property=\"og:url\" content=\"https:\/\/alicjawegorzewska.com\/index.php\/koledy\/\" \/>\n<meta property=\"og:site_name\" content=\"Alicja W\u0119gorzewska\" \/>\n<meta property=\"article:modified_time\" content=\"2025-09-17T17:25:03+00:00\" \/>\n<meta property=\"og:image\" content=\"https:\/\/alicjawegorzewska.com\/wp-content\/uploads\/2021\/12\/ALICJA-WEGORZEWSKA-Koledy_2021-okladka.jpg\" \/>\n<meta name=\"twitter:card\" content=\"summary_large_image\" \/>\n<meta name=\"twitter:label1\" content=\"Szacowany czas czytania\" \/>\n\t<meta name=\"twitter:data1\" content=\"2 minuty\" \/>\n<script type=\"application\/ld+json\" class=\"yoast-schema-graph\">{\"@context\":\"https:\/\/schema.org\",\"@graph\":[{\"@type\":\"WebPage\",\"@id\":\"https:\/\/alicjawegorzewska.com\/index.php\/koledy\/\",\"url\":\"https:\/\/alicjawegorzewska.com\/index.php\/koledy\/\",\"name\":\"Kol\u0119dy - Alicja W\u0119gorzewska\",\"isPartOf\":{\"@id\":\"https:\/\/alicjawegorzewska.com\/#website\"},\"primaryImageOfPage\":{\"@id\":\"https:\/\/alicjawegorzewska.com\/index.php\/koledy\/#primaryimage\"},\"image\":{\"@id\":\"https:\/\/alicjawegorzewska.com\/index.php\/koledy\/#primaryimage\"},\"thumbnailUrl\":\"https:\/\/alicjawegorzewska.com\/wp-content\/uploads\/2021\/12\/ALICJA-WEGORZEWSKA-Koledy_2021-okladka.jpg\",\"datePublished\":\"2021-12-10T20:04:20+00:00\",\"dateModified\":\"2025-09-17T17:25:03+00:00\",\"breadcrumb\":{\"@id\":\"https:\/\/alicjawegorzewska.com\/index.php\/koledy\/#breadcrumb\"},\"inLanguage\":\"pl-PL\",\"potentialAction\":[{\"@type\":\"ReadAction\",\"target\":[\"https:\/\/alicjawegorzewska.com\/index.php\/koledy\/\"]}]},{\"@type\":\"ImageObject\",\"inLanguage\":\"pl-PL\",\"@id\":\"https:\/\/alicjawegorzewska.com\/index.php\/koledy\/#primaryimage\",\"url\":\"https:\/\/alicjawegorzewska.com\/wp-content\/uploads\/2021\/12\/ALICJA-WEGORZEWSKA-Koledy_2021-okladka.jpg\",\"contentUrl\":\"https:\/\/alicjawegorzewska.com\/wp-content\/uploads\/2021\/12\/ALICJA-WEGORZEWSKA-Koledy_2021-okladka.jpg\",\"width\":2213,\"height\":959},{\"@type\":\"BreadcrumbList\",\"@id\":\"https:\/\/alicjawegorzewska.com\/index.php\/koledy\/#breadcrumb\",\"itemListElement\":[{\"@type\":\"ListItem\",\"position\":1,\"name\":\"Strona g\u0142\u00f3wna\",\"item\":\"https:\/\/alicjawegorzewska.com\/\"},{\"@type\":\"ListItem\",\"position\":2,\"name\":\"Kol\u0119dy\"}]},{\"@type\":\"WebSite\",\"@id\":\"https:\/\/alicjawegorzewska.com\/#website\",\"url\":\"https:\/\/alicjawegorzewska.com\/\",\"name\":\"Alicja W\u0119gorzewska\",\"description\":\"Strona oficjalna\",\"publisher\":{\"@id\":\"https:\/\/alicjawegorzewska.com\/#\/schema\/person\/7468c1c1d69a9b6e8db3fe1964cd9dcb\"},\"potentialAction\":[{\"@type\":\"SearchAction\",\"target\":{\"@type\":\"EntryPoint\",\"urlTemplate\":\"https:\/\/alicjawegorzewska.com\/?s={search_term_string}\"},\"query-input\":{\"@type\":\"PropertyValueSpecification\",\"valueRequired\":true,\"valueName\":\"search_term_string\"}}],\"inLanguage\":\"pl-PL\"},{\"@type\":[\"Person\",\"Organization\"],\"@id\":\"https:\/\/alicjawegorzewska.com\/#\/schema\/person\/7468c1c1d69a9b6e8db3fe1964cd9dcb\",\"name\":\"Alicja W\u0119gorzewska-Whiskerd\",\"image\":{\"@type\":\"ImageObject\",\"inLanguage\":\"pl-PL\",\"@id\":\"https:\/\/alicjawegorzewska.com\/#\/schema\/person\/image\/\",\"url\":\"https:\/\/alicjawegorzewska.com\/wp-content\/uploads\/2019\/10\/AW-2.png\",\"contentUrl\":\"https:\/\/alicjawegorzewska.com\/wp-content\/uploads\/2019\/10\/AW-2.png\",\"width\":500,\"height\":500,\"caption\":\"Alicja W\u0119gorzewska-Whiskerd\"},\"logo\":{\"@id\":\"https:\/\/alicjawegorzewska.com\/#\/schema\/person\/image\/\"}}]}<\/script>\n<!-- \/ Yoast SEO plugin. -->","yoast_head_json":{"title":"Kol\u0119dy - Alicja W\u0119gorzewska","robots":{"index":"index","follow":"follow","max-snippet":"max-snippet:-1","max-image-preview":"max-image-preview:large","max-video-preview":"max-video-preview:-1"},"canonical":"https:\/\/alicjawegorzewska.com\/index.php\/koledy\/","og_locale":"pl_PL","og_type":"article","og_title":"Kol\u0119dy - Alicja W\u0119gorzewska","og_description":"Z okazji \u015bwi\u0105t Bo\u017cego Narodzenia Alicja W\u0119gorzewska nagra\u0142a album z najpi\u0119kniejszymi polskimi kol\u0119dami w aran\u017cacji Bogdana Kierejszy. Na kr\u0105\u017cku znalaz\u0142y si\u0119 najpopularniejsze polskie kol\u0119dy.\u00a0 Alicji&hellip;","og_url":"https:\/\/alicjawegorzewska.com\/index.php\/koledy\/","og_site_name":"Alicja W\u0119gorzewska","article_modified_time":"2025-09-17T17:25:03+00:00","og_image":[{"url":"https:\/\/alicjawegorzewska.com\/wp-content\/uploads\/2021\/12\/ALICJA-WEGORZEWSKA-Koledy_2021-okladka.jpg","type":"","width":"","height":""}],"twitter_card":"summary_large_image","twitter_misc":{"Szacowany czas czytania":"2 minuty"},"schema":{"@context":"https:\/\/schema.org","@graph":[{"@type":"WebPage","@id":"https:\/\/alicjawegorzewska.com\/index.php\/koledy\/","url":"https:\/\/alicjawegorzewska.com\/index.php\/koledy\/","name":"Kol\u0119dy - Alicja W\u0119gorzewska","isPartOf":{"@id":"https:\/\/alicjawegorzewska.com\/#website"},"primaryImageOfPage":{"@id":"https:\/\/alicjawegorzewska.com\/index.php\/koledy\/#primaryimage"},"image":{"@id":"https:\/\/alicjawegorzewska.com\/index.php\/koledy\/#primaryimage"},"thumbnailUrl":"https:\/\/alicjawegorzewska.com\/wp-content\/uploads\/2021\/12\/ALICJA-WEGORZEWSKA-Koledy_2021-okladka.jpg","datePublished":"2021-12-10T20:04:20+00:00","dateModified":"2025-09-17T17:25:03+00:00","breadcrumb":{"@id":"https:\/\/alicjawegorzewska.com\/index.php\/koledy\/#breadcrumb"},"inLanguage":"pl-PL","potentialAction":[{"@type":"ReadAction","target":["https:\/\/alicjawegorzewska.com\/index.php\/koledy\/"]}]},{"@type":"ImageObject","inLanguage":"pl-PL","@id":"https:\/\/alicjawegorzewska.com\/index.php\/koledy\/#primaryimage","url":"https:\/\/alicjawegorzewska.com\/wp-content\/uploads\/2021\/12\/ALICJA-WEGORZEWSKA-Koledy_2021-okladka.jpg","contentUrl":"https:\/\/alicjawegorzewska.com\/wp-content\/uploads\/2021\/12\/ALICJA-WEGORZEWSKA-Koledy_2021-okladka.jpg","width":2213,"height":959},{"@type":"BreadcrumbList","@id":"https:\/\/alicjawegorzewska.com\/index.php\/koledy\/#breadcrumb","itemListElement":[{"@type":"ListItem","position":1,"name":"Strona g\u0142\u00f3wna","item":"https:\/\/alicjawegorzewska.com\/"},{"@type":"ListItem","position":2,"name":"Kol\u0119dy"}]},{"@type":"WebSite","@id":"https:\/\/alicjawegorzewska.com\/#website","url":"https:\/\/alicjawegorzewska.com\/","name":"Alicja W\u0119gorzewska","description":"Strona oficjalna","publisher":{"@id":"https:\/\/alicjawegorzewska.com\/#\/schema\/person\/7468c1c1d69a9b6e8db3fe1964cd9dcb"},"potentialAction":[{"@type":"SearchAction","target":{"@type":"EntryPoint","urlTemplate":"https:\/\/alicjawegorzewska.com\/?s={search_term_string}"},"query-input":{"@type":"PropertyValueSpecification","valueRequired":true,"valueName":"search_term_string"}}],"inLanguage":"pl-PL"},{"@type":["Person","Organization"],"@id":"https:\/\/alicjawegorzewska.com\/#\/schema\/person\/7468c1c1d69a9b6e8db3fe1964cd9dcb","name":"Alicja W\u0119gorzewska-Whiskerd","image":{"@type":"ImageObject","inLanguage":"pl-PL","@id":"https:\/\/alicjawegorzewska.com\/#\/schema\/person\/image\/","url":"https:\/\/alicjawegorzewska.com\/wp-content\/uploads\/2019\/10\/AW-2.png","contentUrl":"https:\/\/alicjawegorzewska.com\/wp-content\/uploads\/2019\/10\/AW-2.png","width":500,"height":500,"caption":"Alicja W\u0119gorzewska-Whiskerd"},"logo":{"@id":"https:\/\/alicjawegorzewska.com\/#\/schema\/person\/image\/"}}]}},"jetpack_sharing_enabled":true,"_links":{"self":[{"href":"https:\/\/alicjawegorzewska.com\/index.php\/wp-json\/wp\/v2\/pages\/5736","targetHints":{"allow":["GET"]}}],"collection":[{"href":"https:\/\/alicjawegorzewska.com\/index.php\/wp-json\/wp\/v2\/pages"}],"about":[{"href":"https:\/\/alicjawegorzewska.com\/index.php\/wp-json\/wp\/v2\/types\/page"}],"author":[{"embeddable":true,"href":"https:\/\/alicjawegorzewska.com\/index.php\/wp-json\/wp\/v2\/users\/3"}],"replies":[{"embeddable":true,"href":"https:\/\/alicjawegorzewska.com\/index.php\/wp-json\/wp\/v2\/comments?post=5736"}],"version-history":[{"count":6,"href":"https:\/\/alicjawegorzewska.com\/index.php\/wp-json\/wp\/v2\/pages\/5736\/revisions"}],"predecessor-version":[{"id":5899,"href":"https:\/\/alicjawegorzewska.com\/index.php\/wp-json\/wp\/v2\/pages\/5736\/revisions\/5899"}],"wp:attachment":[{"href":"https:\/\/alicjawegorzewska.com\/index.php\/wp-json\/wp\/v2\/media?parent=5736"}],"curies":[{"name":"wp","href":"https:\/\/api.w.org\/{rel}","templated":true}]}}